True
Is 10807 a prime number?
False
Is 26449 composite?
False
Is 1122179 a prime number?
True
Is 14939 a prime number?
True
Is 1906595 a composite number?
True
Is 308585 a prime number?
False
Is 44755 composite?
True
Is 13641 a composite number?
True
Is 7613 a composite number?
True
Is 13799 composite?
False
Is 214373 prime?
True
Is 2329 a prime number?
False
Is 168599 composite?
False
Is 80779 composite?
False
Is 460673 a composite number?
False
Is 941641 a composite number?
False
Is 649 prime?
False
Is 16781 composite?
True
Is 376501 a composite number?
False
Is 162647 a prime number?
False
Is 1192147 composite?
True
Is 113587 a composite number?
True
Is 132437 composite?
False
Is 195563 prime?
False
Is 291271 a composite number?
False
Is 743423 a prime number?
True
Is 14429 a composite number?
True
Is 9577 prime?
False
Is 7135 prime?
False
Is 75821 prime?
True
Is 250489 a composite number?
False
Is 1032139 a composite number?
True
Is 1319 composite?
False
Is 140557 a composite number?
False
Is 1150301 prime?
True
Is 12047 prime?
False
Is 1307037 composite?
True
Is 20731 a prime number?
True
Is 7958083 a composite number?
True
Is 11303 composite?
True
Is 267347 a prime number?
False
Is 122363 a composite number?
False
Is 83339 prime?
True
Is 5669 composite?
False
Is 83 composite?
False
Is 4062829 composite?
True
Is 8795 a composite number?
True
Is 187631 a composite number?
False
Is 27933 a prime number?
False
Is 18001 a prime number?
False
Is 340261 prime?
True
Is 150661 a composite number?
True
Is 9601 prime?
True
Is 17657 composite?
False
Is 3491 a prime number?
True
Is 2777 a prime number?
True
Is 648943 prime?
False
Is 11338595 composite?
True
Is 13963 composite?
False
Is 2759 a composite number?
True
Is 371027 a prime number?
True
Is 399473 composite?
False
Is 27613 prime?
False
Is 2459 a prime number?
True
Is 368857 a prime number?
True
Is 12449 a composite number?
True
Is 15991 composite?
False
Is 593 a prime number?
True
Is 908441 composite?
False
Is 159441 prime?
False
Is 87 a prime number?
False
Is 56401 a composite number?
False
Is 7513 a composite number?
True
Is 593573 a composite number?
False
Is 64777 a composite number?
True
Is 5911 composite?
True
Is 23053 a composite number?
False
Is 1257 a prime number?
False
Is 590101 composite?
True
Is 8121 a composite number?
True
Is 33109 prime?
False
Is 631519 a prime number?
False
Is 3163 prime?
True
Is 45277 composite?
True
Is 4561 a prime number?
True
Is 1817 composite?
True
Is 26861 composite?
False
Is 3589 prime?
False
Is 586511 composite?
True
Is 85339 a composite number?
True
Is 882269 a prime number?
False
Is 50041 a composite number?
True
Is 129739 a composite number?
True
Is 106649 composite?
False
Is 768098 composite?
True
Is 16945 prime?
False
Is 53987 composite?
False
Is 655397 a composite number?
True
Is 685997 prime?
False
Is 83471 composite?
False
Is 575767 prime?
False
Is 1391 composite?
True
Is 14903 composite?
True
Is 10113 prime?
False
Is 651919 prime?
False
Is 368171 prime?
True
Is 28837 prime?
True
Is 7247 a composite number?
False
Is 37333 a composite number?
True
Is 45143 a prime number?
False
Is 4111 composite?
False
Is 686773 a composite number?
False
Is 291673 prime?
False
Is 2470345 a prime number?
False
Is 301937 a prime number?
False
Is 9371 a prime number?
True
Is 28751 a prime number?
True
Is 4861 a composite number?
False
Is 35011 prime?
False
Is 1759 a prime number?
True
Is 722873 a prime number?
False
Is 661139 prime?
True
Is 541 composite?
False
Is 12273 composite?
True
Is 5435 a prime number?
False
Is 86807 composite?
True
Is 9311 a composite number?
False
Is 882169 a composite number?
False
Is 2231 prime?
False
Is 29677 a prime number?
False
Is 7901 a prime number?
True
Is 3263 a prime number?
False
Is 40031 composite?
False
Is 433591 a composite number?
True
Is 3989 composite?
False
Is 153719 a prime number?
True
Is 495079 a prime number?
False
Is 435449 a prime number?
False
Is 3299 a prime number?
True
Is 260399 a prime number?
True
Is 8149 a prime number?
False
Is 13997 a prime number?
True
Is 2719 composite?
False
Is 4586 prime?
False
Is 74309 a prime number?
False
Is 138961 a composite number?
True
Is 1010671 composite?
False
Is 168907 composite?
True
Is 6941 a composite number?
True
Is 25391 a prime number?
True
Is 27539 prime?
True
Is 571511 prime?
False
Is 7433 composite?
False
Is 522439 prime?
True
Is 842267 a prime number?
True
Is 14941 a prime number?
False
Is 4957 composite?
False
Is 36953 a prime number?
False
Is 887 composite?
False
Is 566197 a prime number?
False
Is 719619 a composite number?
True
Is 645077 a composite number?
False
Is 10279 a prime number?
False
Is 59507 a composite number?
True
Is 11579 prime?
True
Is 34909 prime?
False
Is 15161 prime?
True
Is 2319 prime?
False
Is 14591 a prime number?
True
Is 181693 a composite number?
False
Is 16178 a composite number?
True
Is 949255 prime?
False
Is 9382 a prime number?
False
Is 124067 composite?
False
Is 119887 composite?
True
Is 6371 a prime number?
False
Is 3563 a composite number?
True
Is 44909 a prime number?
True
Is 521 a composite number?
False
Is 64957 a prime number?
False
Is 854407 a composite number?
False
Is 278531 a composite number?
True
Is 403933 a prime number?
True
Is 55487 prime?
True
Is 51217 a composite number?
False
Is 5878 a composite number?
True
Is 81511 a composite number?
True
Is 36427 composite?
True
Is 31769 a composite number?
False
Is 165511 composite?
False
Is 4541629 composite?
False
Is 2657 a composite number?
False
Is 12037 a composite number?
False
Is 46853 composite?
False
Is 45443 composite?
True
Is 628841 a prime number?
True
Is 3973 prime?
False
Is 388471 prime?
True
Is 225881 a composite number?
True
Is 7481 a composite number?
False
Is 40423 a composite number?
False
Is 12781 prime?
True
Is 13309 a prime number?
True
Is 547 a prime number?
True
Is 293 a prime number?
True
Is 950749 prime?
False
Is 167719 composite?
True
Is 2927 composite?
False
Is 45233 a prime number?
True
Is 113513 a composite number?
False
Is 886489 prime?
False
Is 2462197 prime?
True
Is 182693 a prime number?
False
Is 105603 prime?
False
Is 7247 prime?
True
Is 6497 composite?
True
Is 26821 a composite number?
False
Is 15527 a prime number?
True
Is 24371 a composite number?
False
Is 156887 composite?
False
Is 57991 a composite number?
False
Is 12517 composite?
False
Is 15551 prime?
True
Is 646339 composite?
False
Is 22853 a prime number?
True
Is 297961 a composite number?
True
Is 13817 composite?
True
Is 2495 a composite number?
True
Is 1847 composite?
False
Is 28421 a composite number?
True
Is 3463 prime?
True
Is 27845 composite?
True
Is 2068147 composite?
False
Is 29453 a prime number?
True
Is 28789 prime?
True
Is 47071 composite?
True
Is 7754 composite?
True
Is 1441 a composite number?
True
Is 49069 prime?
True
Is 431767 composite?
True
Is 51101 a prime number?
False
Is 573719 a prime number?
True
Is 422 prime?
False
Is 10399 a prime number?
True
Is 88721 composite?
False
Is 31483 prime?
False
Is 26083 a composite number?
False
Is 392879 composite?
False
Is 1272305 composite?
True
Is 73009 a composite number?
False
Is 276217 prime?
False
Is 9311 prime?
True
Is 61811 composite?
True
Is 10391 a prime number?
True
Is 446 a prime number?
False
Is 157249 a composite number?
True
Is 434561 a prime number?
True
Is 144301 a prime number?
False
Is 366257 a composite number?
True
Is 1027 a prime number?
False
Is 6289 a composite number?
True
Is 173429 a prime number?
True
Is 7613 prime?
False
Is 40193 prime?
True
Is 877 a prime number?
True
Is 42151 a prime number?
False
Is 1402 a prime number?
False
Is 10757 composite?
True
Is 194734 a prime number?
False
Is 7 prime?
True
Is 2307 a composite number?
True
Is 12941 a composite number?
False
Is 5737 prime?
True
Is 27143 a composite number?
False
Is 19841 a prime number?
True
Is 1073 a prime number?
False
Is 163753 a composite number?
False
Is 723337 prime?
True
Is 987533 composite?
False
Is 91843 a composite number?
True
Is 34315 a composite number?
True
Is 147569 composite?
True
Is 1402439 a prime number?
True
Is 27941 a prime number?
True
Is 22423 a composite number?
True
Is 26089 composite?
True
Is 180013 a prime numb